e of -q**4/4 + 13*q**3/3 + q**2/2 - 7*q - 3. Determine k(13).
6
Let f(k) = k. Let x(g) = -10*g - 1. Let r(v) = -6*f(v) - x(v). Let q(t) = -t**3 + 7*t**2 - 5*t - 4. Let u = 13 - 7. Let i be q(u). What is r(i)?
9
Let o(h) = -4 - 2 + 3*h - 5*h. Suppose 4*t = 6*t - 4. Suppose 0 = t*b + b + 18. Determine o(b).
6
Let r(o) be the second derivative of o**4/24 - o**3/2 + o**2/2 + o. Let d(a) be the first derivative of r(a). Give d(4).
1
Suppose 0 = 3*x - 6*x + 6. Let m = 9 - 6. Let p(o) = m*o - 7*o**2 + o**3 + 4*o**2 + 0 - 2. Give p(x).
0
Let s(j) be the first derivative of -j**2 - 7*j + 4. Let x be ((-18)/(-8))/(24/(-64)). Determine s(x).
5
Suppose -7*w = -3*w - 12. Let p(f) be the first derivative of -f - 2 - 1/2*f**2 - 5/3*f**w - 1/4*f**4. Determine p(-5).
4
Let y be 1*(2/9 - (-32)/(-144)). Let h(j) be the third derivative of -j**6/120 + j**4/24 + 13*j**3/6 - 2*j**2. Determine h(y).
13
Suppose 3*x = 4 + 8. Let u = 4 + -1. Let c(f) = -f - u - 3 + x. Give c(-4).
2
Let p(y) = -y - 1. Let j be p(0). Let q(n) = 6*n + 1. Let v be q(j). Let m = v - 0. Let o(x) = -x - 1. What is o(m)?
4
Let n(v) = -v**3 + 13*v**2 - 11*v - 15. Let m be n(12). Let a(t) = -t**3 - 4*t**2 - 4*t - 3. Determine a(m).
0
Suppose -3*z = -10 - 2. Let a(f) = -2*f - z - 1 + 2. Calculate a(-2).
1
Let p(v) be the third derivative of -7*v**5/30 - v**3/6 + v**2. Calculate p(1).
-15
Let j(r) be the third derivative of -r**4/24 - 7*r**3/3 - 2*r**2. Determine j(-8).
-6
Suppose -3*n + 9 = 3. Let u = -1 + n. Let i(a) = -3*a - 3*a + 1 + 4*a. Determine i(u).
-1
Let j = 27 - 29. Let r(t) = -t**2 - 5*t - 1. Let x(y) = -4*y**2 - 21*y - 5. Let b(a) = a**2 - 7*a - 6. Let k be b(8). Let s(o) = k*x(o) - 9*r(o). Give s(j).
-3
Let i(b) = b**3 + 5*b**2 + b - 2. Let k(g) be the third derivative of g**4/24 + g**3/2 + 4*g**2. Let s be k(-7). Give i(s).
10
Let l(a) = a**3 - 7*a**2 + 5*a + 6. Let k be l(6). Let f(c) = 2*c + 0 + 1 - c. Calculate f(k).
1
Suppose -4*n = -b + 7, 0 = -b - 0*b - 3*n - 14. Let i(r) be the second derivative of r**5/20 + r**4/2 + r**3 - r**2/2 + 2*r. What is i(b)?
-6
Let w(i) = -2*i**2 + i + 1. Suppose 0 = 4*f + 5*l + 19, -11*l + 6*l = -2*f + 13. Determine w(f).
-2
Let k(a) = 5*a - 4. Let z(r) = r**2 - r - 5. Let y be z(0). Let d(b) = 6*b - 5. Let v(u) = y*k(u) + 4*d(u). Suppose w = -5, -2*o - 6 = 4*w + 4. Calculate v(o).
-5
Let c(z) = z - 7. Let l = 15 + -15. Calculate c(l).
-7
Let g(q) = -q + 8. Let u be g(6). Let k(p) = -3 - p**3 + 6*p**u - 6*p - 3 - p + p. Give k(5).
-11
Let f(g) = -7*g**3 - g**2 + g. Let s = 5 - -1. Let m be (-9)/s*(-4)/6. Give f(m).
-7
Let m(y) be the second derivative of -y**5/20 + y**4/12 + y**3/2 - 3*y**2/2 - 10*y. Determine m(2).
-1
Let g(b) be the first derivative of -b**2/2 + 1. Let t(x) = 5. Let i(u) = -2*g(u) - t(u). What is i(6)?
7
Let j(o) = -o**2 - 4*o - 6. Let d(h) = -h**3 - 5*h**2 + 2*h + 2. Let f be d(-5). Let y = f - -4. What is j(y)?
-6
Let t(m) = -169 + 344 - m - 173. What is t(7)?
-5
Let u(f) = f**2 - 6*f - 2. Let a = -18 + 24. What is u(a)?
-2
Let r(h) be the first derivative of -h**2/2 - 6*h - 28. Give r(-7).
1
Let w(k) be the third derivative of -k**5/20 - k**4/12 - k**3/2 - 8*k**2. Determine w(-2).
-11
Suppose 8 = 4*c - 4. Suppose c*n = -5*g + 8*n + 10, 0 = -5*n + 5. Let o(b) = 4*b. What is o(g)?
12
Suppose -3*p - 2*j + 3*j = -1, -4*j = -4*p - 4. Let h(i) = -i**2 + i - 1. What is h(p)?
-1
Let x(m) be the second derivative of m - 7/2*m**2 + 1/6*m**3 + 0. Determine x(6).
-1
Let l(x) be the first derivative of x**4/4 + 4*x**3/3 + 2*x**2 + 4*x - 10. Suppose -7 + 1 = 2*b. Determine l(b).
1
Suppose 12 = 5*k - k. Let l = k - 1. Suppose o = 3*s + 8, l*s + 0*s = -2*o. Let m(v) = -v**3 - v**2 - 2*v - 2. Determine m(s).
6
Suppose 2*f + 12 = -8. Let v be (-4)/f*(-5)/(-1). Let y(d) = v*d + 5 - 3*d + 0*d. Give y(5).
0
Suppose 3*g - i = 17, 0 = -3*g - 5*i - 24 + 65. Let r(v) = -4*v + 1. Calculate r(g).
-27
Let h(t) = -t**3 + 4*t**2 - 3*t - 2. Let y = -21 - -24. What is h(y)?
-2
Let s(h) = -h - 4*h**2 - h**2 - 3*h**2. Calculate s(1).
-9
Suppose 5*a - 3*a - 20 = 4*j, -15 = 2*a + 3*j. Suppose -6*r = -2*r - 8. Let b(c) = 6 - 14 + c - c**r + c - c. Give b(a).
-8
Let g be 2*4/(-12)*9/6. Let u(j) = 6*j**3 - j**2 - 2*j - 1. Give u(g).
-6
Let s = -4 + 6. Let o(f) = -f**3 + 4*f - 4 + 0 - f - s*f**2. Let a(b) = b**2 + 16*b + 57. Let h be a(-6). What is o(h)?
-4
Let b(v) = -v + 2. Suppose 12 = 7*z - 3*z. Suppose -2*g + 3*a - 9 = 8, -9 = -z*a. Determine b(g).
6
Suppose 0 = 3*c - 8*c + 10. Let o = -2 - c. Let z(f) = f**3 + 3*f**2 - 5*f + 2. What is z(o)?
6
Suppose 5*k + 24 = 2*k. Let x(u) = 11 + 1 - u + 3*u. Let f be x(k). Let l(b) = -b**3 - 4*b**2 - 4*b - 5. Give l(f).
11
Let q(k) = 13*k + 11. Let s(c) = 5*c + 4. Let x(h) = 3*q(h) - 8*s(h). Determine x(1).
0
Let r(u) = -1 + 0 + 4 - 2*u. Let o be 1/(-1)*(1 + 2). Calculate r(o).
9
Let f(b) be the first derivative of -4 - 7/3*b**3 - 5*b - 7/2*b**2 - 1/4*b**4. Give f(-6).
1
Let h(m) = 5 + 4 + 0 + 5*m - 7. Determine h(2).
12
Let l(r) = -2*r. Let n be l(-2). Let b(v) = -10*v + n*v + 11 + 5*v. Determine b(5).
6
Let q be 2/(-5) + 24/(-15). Let d(w) = -2 + 4 - 2*w**2 - 2*w - w**2. Determine d(q).
-6
Let z = 1 + 4. Let v(u) = -3*u + z + 2*u - 2. Let o = -11 + 16. Give v(o).
-2
Suppose -6*d - 11 + 5 = 0. Let m(a) = a**2 + 2*a + 1. Give m(d).
0
Let d(j) be the second derivative of 0 - 7/6*j**3 + 2*j - 1/2*j**2 - 1/12*j**5 + 0*j**4 - 1/120*j**6. Let p(r) be the first derivative of d(r). Calculate p(-5).
-7
Let v(r) = r**2 + r. Let s(y) = -4*y**2 - y + 3. Let m(b) = -s(b) - 3*v(b). Let f be 26/6 + 1/(-3). What is m(f)?
5
Let s = -20 + 19. Let y(r) be the third derivative of 3*r**4/8 + r**3/6 + 4*r**2. What is y(s)?
-8
Let v(t) = -t + 23. Let n(r) = -r + 2. Let l(u) = -5*n(u) + v(u). Calculate l(-9).
-23
Let s(w) = -3*w. Suppose 5*l + 23 = 98. Let f = l - 13. Determine s(f).
-6
Let k(s) = s + 1. Suppose -3*f + 0*f - 33 = 0. Determine k(f).
-10
Let w(v) = -4*v + 3*v - 13 + 14. What is w(-4)?
5
Let u(m) = -m**3 - m**2 - 2*m - 1. Suppose -4 - 2 = 6*p. Give u(p).
1
Let k(m) be the third derivative of 0*m + 1/6*m**3 - 4*m**2 - 3/8*m**4 + 0. What is k(2)?
-17
Let o(u) be the second derivative of u**5/20 + 5*u**4/12 + u**3/2 + 3*u**2/2 + u. Suppose -1018*d = -1031*d - 52. Calculate o(d).
7
Let p(g) = -g + 8. Suppose v + 9 = -3*a, 0*a = 5*v - a - 35. Give p(v).
2
Let v(g) = -g**2 + 11*g - 14. Let y be v(10). Let d be 6/y*(-8)/6. Let r(f) be the second derivative of -f**4/12 - f**3/3 + 3*f**2/2 + 2*f. Give r(d).
-5
Let c(w) be the first derivative of 0*w + 1/24*w**4 - 3 + 1/3*w**3 + 1/2*w**2 + 1/15*w**5 + 1/120*w**6. Let h(d) be the second derivative of c(d). Give h(-4).
-2
Suppose 5 = 3*u - 13. Let k(w) = -7*w**2 + 13*w + 2. Let a(x) = -6*x**2 + 12*x + 1. Let l(f) = -6*a(f) + 5*k(f). Give l(u).
-2
Suppose -2*i = -2*y + 4, -2*i + 0 + 16 = 2*y. Let g(a) = -9*a - 2 + 4 - i + 7*a. Calculate g(2).
-5
Let x = -2 + 8. Let c(f) = 7*f + 8. Let y(q) = -6*q - 8. Let n(w) = x*y(w) + 5*c(w). What is n(-5)?
-3
Suppose -2*x + x = -n - 8, -3*n = -x + 20. Let o(f) = f**2 + 2*f - 8. What is o(n)?
16
Let i(v) = -9*v**3 + v**2 + v + 1. Let m be i(-1). Suppose -3*s + m = -2. Let g(p) = -p**3 + 4*p**2 - p - 2. Calculate g(s).
-6
Let a(q) = -7*q + 8. Let x(w) = 6*w - 7. Let j(v) = -v**2 + v + 2. Let u be j(0). Let h(y) = u*a(y) + 3*x(y). What is h(4)?
11
Let t be 1 - (-6)/4*(-20)/(-15). Let o(m) = m**2 - 3*m + 1. Determine o(t).
1
Let r(x) = -x**2 - 2*x + 7. Let d be r(-6). Let w = 26 + d. Suppose -a = -4*a + w. Let c(y) = 2*y**2 - 3*y + 2. What is c(a)?
11
Let l(r) = -r**3 + 7*r**2 + r - 2. Let w be (-14)/(2 + 12/(-3)). What is l(w)?
5
Suppose 0 = 4*u - 2 - 6. Suppose -13 = u*f + 1. Let d(q) = -q**2 - 6*q + 3. Determine d(f).
-4
Let s(h) = -3*h - 36. Let o be s(-12). Let n(d) be the first derivative of 2 - 1/2*d**2 - 2*d. Calculate n(o).
-2
Let u(i) = -3*i**2. Suppose 2*w - 4 = 2*a, -2*w + 2*a + 2 = w. Calculate u(w).
-12
Let w = 11 - 6. Let i(z) = z - 1. Determine i(w).
4
Let o(s) = -3*s**2 - 35*s - 32. Let g(d) = -d**2 - 12*d - 11. Let r(c) = -11*g(c) + 4*o(c). Determine r(-5).
8
Suppose 2*p - 16 = 2*k + 18, 3*p - 67 = -5*k. Let c = -25 + p. Let r(u) = u + 4. Give r(c).
-2
Let k(r) be the first derivative of 3*r**2/2 + 3*r + 48. Let d be 1 - (1 + -2 - -3). L